{"id":99,"date":"2019-02-22T16:03:18","date_gmt":"2019-02-22T15:03:18","guid":{"rendered":"http:\/\/www.feuerwehr-wuestems.de\/?page_id=99"},"modified":"2026-02-04T13:43:11","modified_gmt":"2026-02-04T12:43:11","slug":"vorstand","status":"publish","type":"page","link":"https:\/\/feuerwehr-wuestems.de\/?page_id=99","title":{"rendered":"Vorstand"},"content":{"rendered":"\n<figure class=\"wp-block-table\"><table><tbody><tr><td>Funktion<\/td><td>Name<\/td><\/tr><tr><td>1. Vorsitzender<\/td><td>Kai Stenger<\/td><\/tr><tr><td>2. Vorsitzender<\/td><td>Jens Wolfsheimer<\/td><\/tr><tr><td>Kassenwart<\/td><td>Daniela Usinger<\/td><\/tr><tr><td>Kassierer<\/td><td>Markus Hagemeister<\/td><\/tr><tr><td>Kulturausschu\u00df<\/td><td>David Stenger<\/td><\/tr><tr><td>Kulturausschu\u00df<\/td><td>Kristof Hannemann<\/td><\/tr><tr><td>Schriftf\u00fchrer<\/td><td>Uwe Lorenz<\/td><\/tr><tr><td>stellv. Schriftf\u00fchrer<\/td><td>Yannik Dietrich<\/td><\/tr><tr><td>Jugendwart<\/td><td>Jonathan Hollingshausen<\/td><\/tr><\/tbody><\/table><\/figure>\n\n\n\n<p><\/p>\n","protected":false},"excerpt":{"rendered":"<p>Funktion Name 1. Vorsitzender Kai Stenger 2. Vorsitzender Jens Wolfsheimer Kassenwart Daniela Usinger Kassierer Markus Hagemeister Kulturausschu\u00df David Stenger Kulturausschu\u00df Kristof Hannemann Schriftf\u00fchrer Uwe Lorenz stellv. Schriftf\u00fchrer Yannik Dietrich Jugendwart Jonathan Hollingshausen<\/p>\n","protected":false},"author":2,"featured_media":0,"parent":0,"menu_order":0,"comment_status":"closed","ping_status":"closed","template":"","meta":{"footnotes":"","_mc_calendar":[]},"_links":{"self":[{"href":"https:\/\/feuerwehr-wuestems.de\/index.php?rest_route=\/wp\/v2\/pages\/99"}],"collection":[{"href":"https:\/\/feuerwehr-wuestems.de\/index.php?rest_route=\/wp\/v2\/pages"}],"about":[{"href":"https:\/\/feuerwehr-wuestems.de\/index.php?rest_route=\/wp\/v2\/types\/page"}],"author":[{"embeddable":true,"href":"https:\/\/feuerwehr-wuestems.de\/index.php?rest_route=\/wp\/v2\/users\/2"}],"replies":[{"embeddable":true,"href":"https:\/\/feuerwehr-wuestems.de\/index.php?rest_route=%2Fwp%2Fv2%2Fcomments&post=99"}],"version-history":[{"count":4,"href":"https:\/\/feuerwehr-wuestems.de\/index.php?rest_route=\/wp\/v2\/pages\/99\/revisions"}],"predecessor-version":[{"id":3016,"href":"https:\/\/feuerwehr-wuestems.de\/index.php?rest_route=\/wp\/v2\/pages\/99\/revisions\/3016"}],"wp:attachment":[{"href":"https:\/\/feuerwehr-wuestems.de\/index.php?rest_route=%2Fwp%2Fv2%2Fmedia&parent=99"}],"curies":[{"name":"wp","href":"https:\/\/api.w.org\/{rel}","templated":true}]}}