{"id":2761,"date":"2019-12-02T14:14:12","date_gmt":"2019-12-02T13:14:12","guid":{"rendered":"http:\/\/www.feuerwehr-wuestems.de\/?page_id=2761"},"modified":"2024-02-01T13:22:59","modified_gmt":"2024-02-01T12:22:59","slug":"grillplatz-buchungungskalender","status":"publish","type":"page","link":"https:\/\/feuerwehr-wuestems.de\/?page_id=2761","title":{"rendered":"Grillplatz Buchungungskalender"},"content":{"rendered":"<p>Buchungungskalender und Reservierungsanfrage.<\/p>\n<p>In der Wintersaison (1.11. bis 31.3) kann der Platz nicht \u00fcber die Reservierungsseite gebucht werden. Bei Bedarf fragen sie \u00fcber unsere Kontaktseite an.<\/p>\n<p>Es ist m\u00f6glich das Reservierungen noch nicht im Kalender angezeigt werden. Bitte warten Sie auf eine Best\u00e4tigung.<\/p>\n<p>Bitte teilen Sie kurz im Feld &#8222;Kommentar&#8220; den Anlass f\u00fcr den Reservierungswunsch mit. Mit wieviel G\u00e4sten und in welcher Altersklasse rechnen Sie?<\/p>\n<p><span id=\"fld_9720515Caption\" class=\"help-block\">\u00a0<\/span><\/p>\n\n<div id=\"zhcal-root\" data-id=\"4992053cfea34ebbf0d80b7d72739b37\" data-lang=\"de\"><\/div>\n<p><script type=\"text\/javascript\" src=\"https:\/\/app.calendarapp.de\/loadcal.php\"><\/script><\/p>\n","protected":false},"excerpt":{"rendered":"<p>Buchungungskalender und Reservierungsanfrage. In der Wintersaison (1.11. bis 31.3) kann der Platz nicht \u00fcber die Reservierungsseite gebucht werden. Bei Bedarf fragen sie \u00fcber unsere Kontaktseite an. Es ist m\u00f6glich das Reservierungen noch nicht im Kalender angezeigt werden. Bitte warten Sie auf eine Best\u00e4tigung. Bitte teilen Sie kurz im Feld &#8222;Kommentar&#8220; den Anlass f\u00fcr den Reservierungswunsch &hellip; <a href=\"https:\/\/feuerwehr-wuestems.de\/?page_id=2761\" class=\"more-link\"><span class=\"screen-reader-text\">Grillplatz Buchungungskalender<\/span> weiterlesen <span class=\"meta-nav\">&rarr;<\/span><\/a><\/p>\n","protected":false},"author":2,"featured_media":0,"parent":0,"menu_order":0,"comment_status":"closed","ping_status":"closed","template":"","meta":{"footnotes":"","_mc_calendar":[]},"_links":{"self":[{"href":"https:\/\/feuerwehr-wuestems.de\/index.php?rest_route=\/wp\/v2\/pages\/2761"}],"collection":[{"href":"https:\/\/feuerwehr-wuestems.de\/index.php?rest_route=\/wp\/v2\/pages"}],"about":[{"href":"https:\/\/feuerwehr-wuestems.de\/index.php?rest_route=\/wp\/v2\/types\/page"}],"author":[{"embeddable":true,"href":"https:\/\/feuerwehr-wuestems.de\/index.php?rest_route=\/wp\/v2\/users\/2"}],"replies":[{"embeddable":true,"href":"https:\/\/feuerwehr-wuestems.de\/index.php?rest_route=%2Fwp%2Fv2%2Fcomments&post=2761"}],"version-history":[{"count":10,"href":"https:\/\/feuerwehr-wuestems.de\/index.php?rest_route=\/wp\/v2\/pages\/2761\/revisions"}],"predecessor-version":[{"id":3000,"href":"https:\/\/feuerwehr-wuestems.de\/index.php?rest_route=\/wp\/v2\/pages\/2761\/revisions\/3000"}],"wp:attachment":[{"href":"https:\/\/feuerwehr-wuestems.de\/index.php?rest_route=%2Fwp%2Fv2%2Fmedia&parent=2761"}],"curies":[{"name":"wp","href":"https:\/\/api.w.org\/{rel}","templated":true}]}}