{"id":11,"date":"2016-06-09T13:49:31","date_gmt":"2016-06-09T11:49:31","guid":{"rendered":"http:\/\/dietrichit.de\/feuerwehr-wuestems\/staging\/?page_id=11"},"modified":"2023-07-11T09:35:27","modified_gmt":"2023-07-11T07:35:27","slug":"mannschaft","status":"publish","type":"page","link":"https:\/\/feuerwehr-wuestems.de\/?page_id=11","title":{"rendered":"Mannschaft"},"content":{"rendered":"<p>Die Einsatzabteilung der Freiwilligen Feuerwehr W\u00fcstems besteht Zurzeit aus 30 aktiven Frauen und M\u00e4nnern. Wir treffen uns alle 14 Tage montags im Ger\u00e4tehaus zur \u00dcbung.<\/p>\n<p>Die Einsatzabteilung der FFW W\u00fcstems:<\/p>\n<p><img loading=\"lazy\" decoding=\"async\" class=\"alignnone wp-image-69\" src=\"http:\/\/dietrichit.de\/feuerwehr-wuestems\/staging\/wp-content\/uploads\/2013_EA_HP_001.jpg\" width=\"640\" height=\"480\" srcset=\"https:\/\/feuerwehr-wuestems.de\/wp-content\/uploads\/2013_EA_HP_001.jpg 320w, https:\/\/feuerwehr-wuestems.de\/wp-content\/uploads\/2013_EA_HP_001-300x225.jpg 300w\" sizes=\"(max-width: 640px) 100vw, 640px\" \/><\/p>\n<p><img loading=\"lazy\" decoding=\"async\" class=\"alignnone wp-image-71\" src=\"http:\/\/dietrichit.de\/feuerwehr-wuestems\/staging\/wp-content\/uploads\/2013_EA_HP_003.jpg\" width=\"640\" height=\"480\" srcset=\"https:\/\/feuerwehr-wuestems.de\/wp-content\/uploads\/2013_EA_HP_003.jpg 320w, https:\/\/feuerwehr-wuestems.de\/wp-content\/uploads\/2013_EA_HP_003-300x225.jpg 300w\" sizes=\"(max-width: 640px) 100vw, 640px\" \/><\/p>\n","protected":false},"excerpt":{"rendered":"<p>Die Einsatzabteilung der Freiwilligen Feuerwehr W\u00fcstems besteht Zurzeit aus 30 aktiven Frauen und M\u00e4nnern. Wir treffen uns alle 14 Tage montags im Ger\u00e4tehaus zur \u00dcbung. Die Einsatzabteilung der FFW W\u00fcstems:<\/p>\n","protected":false},"author":1,"featured_media":0,"parent":0,"menu_order":2,"comment_status":"closed","ping_status":"closed","template":"","meta":{"footnotes":"","_mc_calendar":[]},"_links":{"self":[{"href":"https:\/\/feuerwehr-wuestems.de\/index.php?rest_route=\/wp\/v2\/pages\/11"}],"collection":[{"href":"https:\/\/feuerwehr-wuestems.de\/index.php?rest_route=\/wp\/v2\/pages"}],"about":[{"href":"https:\/\/feuerwehr-wuestems.de\/index.php?rest_route=\/wp\/v2\/types\/page"}],"author":[{"embeddable":true,"href":"https:\/\/feuerwehr-wuestems.de\/index.php?rest_route=\/wp\/v2\/users\/1"}],"replies":[{"embeddable":true,"href":"https:\/\/feuerwehr-wuestems.de\/index.php?rest_route=%2Fwp%2Fv2%2Fcomments&post=11"}],"version-history":[{"count":6,"href":"https:\/\/feuerwehr-wuestems.de\/index.php?rest_route=\/wp\/v2\/pages\/11\/revisions"}],"predecessor-version":[{"id":2985,"href":"https:\/\/feuerwehr-wuestems.de\/index.php?rest_route=\/wp\/v2\/pages\/11\/revisions\/2985"}],"wp:attachment":[{"href":"https:\/\/feuerwehr-wuestems.de\/index.php?rest_route=%2Fwp%2Fv2%2Fmedia&parent=11"}],"curies":[{"name":"wp","href":"https:\/\/api.w.org\/{rel}","templated":true}]}}

<p>Die Einsatzabteilung der Freiwilligen Feuerwehr Wüstems besteht Zurzeit aus 30 aktiven Frauen und Männern. Wir treffen uns alle 14 Tage montags im Gerätehaus zur Übung.</p>
<p>Die Einsatzabteilung der FFW Wüstems:</p>
<p><img loading="lazy" decoding="async" class="alignnone wp-image-69" src="http://dietrichit.de/feuerwehr-wuestems/staging/wp-content/uploads/2013_EA_HP_001.jpg" width="640" height="480" srcset="https://feuerwehr-wuestems.de/wp-content/uploads/2013_EA_HP_001.jpg 320w, https://feuerwehr-wuestems.de/wp-content/uploads/2013_EA_HP_001-300x225.jpg 300w" sizes="(max-width: 640px) 100vw, 640px" /></p>
<p><img loading="lazy" decoding="async" class="alignnone wp-image-71" src="http://dietrichit.de/feuerwehr-wuestems/staging/wp-content/uploads/2013_EA_HP_003.jpg" width="640" height="480" srcset="https://feuerwehr-wuestems.de/wp-content/uploads/2013_EA_HP_003.jpg 320w, https://feuerwehr-wuestems.de/wp-content/uploads/2013_EA_HP_003-300x225.jpg 300w" sizes="(max-width: 640px) 100vw, 640px" /></p>

<p>Die Einsatzabteilung der Freiwilligen Feuerwehr Wüstems besteht Zurzeit aus 30 aktiven Frauen und Männern. Wir treffen uns alle 14 Tage montags im Gerätehaus zur Übung. Die Einsatzabteilung der FFW Wüstems:</p>
